
Convert 10020010 (base 3) to base 14.
c00
What is 12103 (base 10) in base 6?
132011
What is 11251 (base 6) in base 16?
64f
What is 1735 (base 8) in base 6?
4325
What is 4213 (base 5) in base 3?
202200
What is -441000 (base 5) in base 6?
-154005
Convert -3310 (base 5) to base 12.
-31b
What is -133014 (base 6) in base 9?
-17811
What is 1427 (base 8) in base 16?
317
What is -11011021 (base 3) in base 16?
-bd7
Convert -110001000010111 (base 2) to base 10.
-25111
What is 568 (base 10) in base 7?
1441
Convert 143454 (base 6) to base 9.
20817
Convert -12b4 (base 13) to base 10.
-2682
Convert bc3c (base 16) to base 9.
73082
What is 1033223 (base 4) in base 15?
179e
What is 21222 (base 3) in base 2?
11010111
Convert -517b (base 14) to base 7.
-55614
What is 1468b (base 16) in base 10?
83595
Convert -1110300 (base 4) to base 13.
-2613
a376 (base 12) to base 14
66b8
9a32 (base 11) to base 2
11001110101000
What is -1a6b (base 13) in base 9?
-5407
1047 (base 14) to base 13
137c
1016 (base 8) to base 7
1351
-47004 (base 8) to base 16
-4e04
-33e6 (base 15) to base 8
-25410
What is -27232 (base 13) in base 7?
-422323
What is 1373 (base 8) in base 2?
1011111011
What is -12031 (base 4) in base 12?
-291
25a (base 11) to base 16
133
What is -26067 (base 11) in base 13?
-13cc5
Convert -b3f4 (base 16) to base 6.
-553140
Convert -7389 (base 10) to base 16.
-1cdd
What is -1312124 (base 5) in base 16?
-653a
What is -14124 (base 8) in base 15?
-1ca3
24b (base 16) to base 4
21023
-10321 (base 5) to base 15
-326
What is -31103 (base 6) in base 14?
-171d
Convert -11954 (base 10) to base 5.
-340304
What is -101020202 (base 3) in base 15?
-2332
-2a20 (base 12) to base 4
-1030320
What is 310203 (base 5) in base 14?
3941
Convert -745 (base 11) to base 3.
-1020012
What is -361 (base 10) in base 14?
-1bb
Convert -c3 (base 13) to base 3.
-12220
What is 12441 (base 9) in base 4?
2002330
Convert c24 (base 13) to base 14.
a70
Convert 18a9 (base 13) to base 3.
12001121
2570 (base 9) to base 5
30201
1013202 (base 4) to base 14
1950
What is -110202001 (base 3) in base 9?
-13661
What is -12330 (base 5) in base 11?
-7a8
11100011010 (base 2) to base 11
1403
What is 234 (base 11) in base 10?
279
What is 3342 (base 7) in base 16?
4b6
Convert -2a6 (base 13) to base 14.
-25c
24310 (base 7) to base 16
18b8
Convert 29476 (base 11) to base 10.
41828
Convert -237223 (base 8) to base 11.
-56301
What is -160 (base 9) in base 5?
-1020
Convert 5403 (base 6) to base 3.
1200110
What is 220421 (base 5) in base 2?
1110110111011
Convert -31a2 (base 11) to base 13.
-1c01
1012002 (base 4) to base 3
20011000
What is 122 (base 16) in base 10?
290
503 (base 15) to base 16
468
Convert 223 (base 16) to base 10.
547
Convert -18c2 (base 13) to base 8.
-7173
-23d (base 15) to base 13
-301
1312 (base 6) to base 12
238
What is 110111110101110 (base 2) in base 5?
1403330
-3165 (base 7) to base 11
-933
What is 1221310 (base 4) in base 12?
3b04
Convert 3424 (base 10) to base 2.
110101100000
Convert 2112231 (base 4) to base 7.
40056
What is -1112 (base 5) in base 6?
-421
14031 (base 6) to base 15
9a4
Convert 1378 (base 15) to base 4.
1001003
-3502 (base 7) to base 5
-20101
10010100110 (base 2) to base 13
707
What is 24d (base 15) in base 12?
377
-35222 (base 6) to base 4
-1032332
1000000101 (base 2) to base 5
4032
-215 (base 15) to base 11
-398
Convert -304 (base 7) to base 2.
-10010111
What is -3321 (base 5) in base 12?
-325
Convert -4056 (base 9) to base 10.
-2967
What is 101000001111010 (base 2) in base 3?
1001021001
22202021 (base 3) to base 2
1100011101011
-2210 (base 5) to base 3
-102022
What is -4308 (base 10) in base 8?
-10324
What is 57b (base 12) in base 15?
395
Convert 380 (base 16) to base 11.
745
6297 (base 11) to base 9
12380
Convert -103321 (base 4) to base 16.
-4f9
120123 (base 5) to base 15
1493
Convert -75a (base 14) to base 8.
-2654
What is 224021 (base 7) in base 3?
2000121012
Convert -e37 (base 16) to base 4.
-320313
What is 18a4 (base 12) in base 4?
232330
-2061 (base 7) to base 6
-3213
101010001110000 (base 2) to base 5
1142431
Convert -4253 (base 8) to base 13.
-1019
1329 (base 11) to base 7
5013
Convert -232013 (base 5) to base 6.
-102451
What is -11100110 (base 3) in base 5?
-100141
-101 (base 16) to base 13
-16a
Convert -2062 (base 11) to base 7.
-10650
What is -657 (base 13) in base 12?
-766
-5013 (base 6) to base 14
-57b
-2c3 (base 16) to base 14
-387
-300505 (base 6) to base 7
-125360
Convert 2522 (base 13) to base 10.
5267
What is -2000010 (base 3) in base 13?
-885
3184 (base 9) to base 14
bd6
What is 1248 (base 11) in base 2?
11001011001
Convert -15111 (base 6) to base 14.
-c4b
What is -212332 (base 4) in base 7?
-10162
What is 168a1 (base 13) in base 7?
240011
Convert -6049 (base 12) to base 14.
-3b29
What is 3363 (base 12) in base 5?
140231
-122 (base 8) to base 2
-1010010
Convert 1211112 (base 3) to base 6.
10105
What is 327 (base 9) in base 13?
178
What is 11574 (base 9) in base 13?
36c1
What is 6676 (base 13) in base 10?
14293
Convert -6931 (base 10) to base 9.
-10451
a10 (base 14) to base 4
132312
1000110000110101 (base 2) to base 13
13450
What is 13217 (base 8) in base 10?
5775
What is -101011110110 (base 2) in base 13?
-137b
Convert 4c77 (base 14) to base 9.
20375
11cc (base 16) to base 8
10714
Convert -5c22 (base 14) to base 8.
-37346
What is -164 (base 12) in base 13?
-13c
-2200112 (base 3) to base 12
-1172
-4376 (base 10) to base 6
-32132
-10000 (base 3) to base 2
-1010001
Convert -da0 (base 15) to base 9.
-4186
1002000 (base 3) to base 11
652
Convert -4311222 (base 5) to base 9.
-120633
Convert 33302 (base 4) to base 7.
2642
What is -1ba7c (base 14) in base 13?
-26222
Convert 4cd9 (base 16) to base 3.
222222122
Convert -ba5 (base 16) to base 4.
-232211
What is bbb (base 15) in base 4?
221123
-1120110 (base 3) to base 5
-14041
What is 218d (base 15) in base 11?
5382
What is -5168 (base 14) in base 5?
-422013
Convert -140240 (base 5) to base 15.
-1a4a
-24a3 (base 14) to base 16
-190f
-1000010111011 (base 2) to base 16
-10bb
What is -33100000 (base 4) in base 11?
-42a26
What is -14201 (base 5) in base 11?
-97a
Convert 1532 (base 6) to base 9.
512
-2671 (base 11) to base 9
-4671
1000001101011110 (base 2) to base 10
33630
-116 (base 9) to base 16
-60
What is 52610 (base 10) in base 16?
cd82
Convert 1aab7 (base 12) to base 10.
39595
What is 522 (base 7) in base 3?
100200
Convert 165 (base 10) to base 6.
433
Convert 30223 (base 4) to base 15.
391
Convert 2221022 (base 3) to base 14.
acd
Convert 25612 (base 7) to base 16.
1aa4
What is -56204 (base 7) in base 9?
-21378
What is 444 (base 11) in base 7?
1360
Convert -584 (base 16) to base 8.
-2604
29 (base 14) to base 11
34
-47259 (base 10) to base 12
-23423
a180 (base 14) to base 7
143620
1101110 (base 2) to base 9
132
Convert -21444 (base 5) to base 4.
-113123
What is 25442 (base 6) in base 15?
1212
Convert -11825 (base 11) to base 2.
-100001001000111
Convert 26 (base 15) to base 4.
210
What is -b119 (base 15) in base 13?
-1401c
-3010322 (base 4) to base 8
-30472
-10211 (base 5) to base 15
-306
-24930 (base 10) to base 2
-110000101100010
-3a3f (base 16) to base 6
-153011
11010111100 (base 2) to base 15
79e
What is 4541 (base 7) in base 11?
1267
64cd (base 15) to base 3
1002021111
240 (base 16) to base 15
286
What is 629 (base 10) in base 7?
1556
5130 (base 6) to base 2
10001101110
Convert 305460 (base 7) to base 5.
3133444
What is 247 (base 12) in base 10?
343
Convert -11111201 (base 3) to base 10.
-3286
-1002101 (base 3) to base 9
-1071
What is 1001111000010 (base 2) in base 3?
20221100
7c9 (base 16) to base 13
ba4
1021044 (base 5) to base 11
11877
What is 11010011 (base 2) in base 15?
e1
What is -a8 (base 14) in base 11?
-125
What is 2004 (base 9) in base 11?
110a
What is -5171 (base 8) in base 4?
-221321
Convert bb3 (base 12) to base 10.
1719
What is -20022 (base 4) in base 8?
-1012
What is -16405 (base 8) in base 4?
-1310011
Convert -2896 (base 12) to base 15.
-15ec
Convert 212 (base 15) to base 7.
1235
3333 (base 5) to base 6
2100
Convert -23330103 (base 4) to base 12.
-24383
What is 25120 (base 7) in base 6?
50244
Convert 12a64 (base 14) to base 6.
552424
What is 167a2 (base 15) in base 13?
2707a
Convert a24 (base 16) to ba